 remainder when y(z) is divided by 6.
1
Suppose 7*l + 7 = 49. Suppose 4*r + l*b - 297 = 3*b, 4*b - 71 = -r. What is the remainder when r is divided by 26?
23
Suppose 76*b = 29*b + 19646. Calculate the remainder when b is divided by 28.
26
Let a = 438 + -428. Calculate the remainder when 198 is divided by a.
8
Let n(q) = 11*q**2 - 33*q + 155. Calculate the remainder when n(5) is divided by 68.
61
Let d = -11 + 27. Suppose 0 = -7*q + 75 + d. What is the remainder when 20 is divided by q?
7
Suppose 0 = -3*u + 5*t - 3*t - 59, -5*u - 92 = 3*t. Let l = 29 + u. Calculate the remainder when 48 is divided by l.
8
Let g be -1*4*2/8. What is the remainder when ((-12)/(-8))/(g/(-14)) is divided by 6?
3
Suppose 0 = 3*m - 115 - 47. Let z = -41 + m. What is the remainder when z is divided by 7?
6
Let g be 4/(4*-1)*2. Let u be g/(-4) - 3/(-6). Let b(j) = 34*j + 1. Calculate the remainder when b(u) is divided by 19.
16
What is the remainder when 25 is divided by 52/6 + (-2)/(-6)?
7
Calculate the remainder when (4 - -48)*(-22)/(-4) is divided by 36.
34
Suppose 5*b - 130 - 150 = 0. What is the remainder when b is divided by ((-315)/84)/(1/(-4))?
11
Let y(h) = 29*h - 118. What is the remainder when y(26) is divided by 9?
6
Let u(x) = x**2 - x - 1. Let h(f) = -20*f**3 - 5*f**2 + f + 2. Let i(r) = h(r) + 4*u(r). Calculate the remainder when i(-1) is divided by 13.
7
Suppose -1 = 5*b - 131. Let x = b - 6. What is the remainder when 57 is divided by x?
17
Let d = -59 + 8. Let a = -42 - d. What is the remainder when 21 is divided by a?
3
Let v = -30 - -32. Suppose -222 = -v*k - 0*k. Calculate the remainder when k is divided by 38.
35
Suppose 3 = -5*d + 28. Suppose 9*j - 6*j - t - d = 0, 4 = -4*j + 4*t. Calculate the remainder when 4 is divided by j.
1
Let l(u) = -6*u + 5. Let b be l(-3). Let i = -51 + b. Let d = i - -43. What is the remainder when d is divided by 9?
6
Let b = -51 + 74. What is the remainder when b is divided by 5?
3
Suppose 8 + 94 = 2*f. Let o = f + -27. What is the remainder when 92 is divided by o?
20
Suppose -166*y + 43*y + 4230 = -33*y. Let l be 33/2 + 1/2. Suppose -5*x + l + 33 = 0. What is the remainder when y is divided by x?
7
Suppose 0*p + p - 93 = -l, 356 = 4*p - 4*l. Calculate the remainder when p is divided by 3.
1
Let v(q) = -q**3 - 21*q**2 + 14. Calculate the remainder when 49 is divided by v(-21).
7
Suppose 11*b - 62 = 59. Calculate the remainder when b is divided by 6.
5
Let d be 3*1 + (-20)/4 + 4. Suppose 0*a + d*a - 154 = 0. Calculate the remainder when a is divided by 27.
23
Let p(m) = 16*m**3 - m**2 - 14*m + 21. What is the remainder when p(2) is divided by 60?
57
Let k = 24 - 6. Suppose 7*z = 9*z - 70. What is the remainder when z is divided by k?
17
Suppose 2*p = 4*g - 350, -4*g + 467 = -5*p + 114. Calculate the remainder when 248 is divided by g.
74
Suppose -3*i - 841 = -4*p - 77, -986 = -5*p - 4*i. Let m(g) = g**2 + 8*g - 51. Calculate the remainder when p is divided by m(5).
12
Let u(k) = 4*k + 106. What is the remainder when 42 is divided by u(-20)?
16
Suppose 2*s = 25 + 149. Calculate the remainder when s is divided by 21.
3
Suppose g = -3*c + 3*g + 514, 0 = 4*g + 20. What is the remainder when c is divided by 57?
54
Suppose 2*n - 148 = -2*n. Suppose 2*m + 3*d + 0 = 207, 0 = -2*m + 2*d + 212. Let b = m + n. What is the remainder when b is divided by 36?
34
Suppose -17 - 1 = 2*b. Let k = 13 + b. Suppose -t = -2*t + 3. What is the remainder when k is divided by t?
1
Suppose 5*x = -3*q + 91, -11*q + 70 = -9*q + x. Calculate the remainder when q is divided by 14.
9
Suppose -777*j + 773*j + 96 = 0. What is the remainder when 111 is divided by j?
15
Let c(w) = -7*w**2 - w + 22. Let q(l) = 3*l**2 - 11. Let f(k) = -6*c(k) - 13*q(k). What is the remainder when f(-8) is divided by 39?
38
Let r = 731 - 565. Calculate the remainder when r is divided by 27.
4
Suppose -5*q = -i - 323, 19*q + i = 16*q + 189. Suppose -46 = -4*k - 4*b + b, 4*k = 2*b + 56. What is the remainder when q is divided by k?
12
Suppose 100 = 2*h + 4*k - 8*k, 5*h - k = 241. Calculate the remainder when 188 is divided by h.
44
Let q(u) = 4*u - 36. Let t be q(9). Suppose h + 0*h + 4*m - 15 = t, -4*h + 3*m = -3. What is the remainder when 15 is divided by h?
0
Suppose -g - 5 = 0, -4*g - 35 = -2*a + 45. What is the remainder when 125 is divided by a?
5
Suppose -2*c + 408 + 91 = 5*s, s + 4*c = 89. Suppose 2*w - 4*w - 5*l + 31 = 0, -4*l = 5*w - 69. What is the remainder when s is divided by w?
10
Let a be (-4 + 2)/((-1)/2). Let m(r) = 13*r - 1. Let x = -276 + 289. Calculate the remainder when m(a) is divided by x.
12
Suppose l - 6*l - 4*p = -85, 2*l + 4*p = 46. Suppose 23 = 2*n - l. Calculate the remainder when 88 is divided by n.
16
Calculate the remainder when 28 is divided by 5 - (-6*1 + (-5 - -6)).
8
Let p be (-2)/8 + (-37)/(-4). Let v be p/(-27) - (-22)/3. Let r(f) = -f**3 + 6*f**2 + 9*f - 10. Calculate the remainder when 11 is divided by r(v).
3
Suppose 2*k - 2*y + 12 = 26, 5*k - 2*y = 44. Calculate the remainder when 336 is divided by k.
6
Let a = 215 - 193. What is the remainder when 61 is divided by a?
17
Let a(m) = -17*m - 77. What is the remainder when 73 is divided by a(-5)?
1
Let p(f) = f + 3. Suppose -14*t = -9*t. Let r be p(t). Calculate the remainder when 2 is divided by (-1)/r + (-49)/(-21).
0
Suppose -a = -4*a - 66. Let d be a/(-8) - 2/(-8). Suppose 4*p - d*w + w = 50, -3*w = -p + 15. Calculate the remainder when 21 is divided by p.
9
Let h = 0 + 30. Suppose 0 = -5*y + 7*y - 32. Calculate the remainder when h is divided by y.
14
Suppose -4*h + 2*f = -2, -2*h + 5*h + f + 1 = 0. Suppose -3*c + 37 - 10 = h. Let z = -3202 - -3255. What is the remainder when z is divided by c?
8
Suppose -3*s - 3*r = s - 7, 4*s - 2*r = 22. Let v = 9 - s. Suppose -2 = -c + v. What is the remainder when c is divided by 4?
3
Let o(s) = 50*s - 9. Let y be o(-2). Let h = -66 - y. What is the remainder when h is divided by 11?
10
Suppose 5*d = 14*r - 12*r + 215, 5*d = -3*r + 190. Calculate the remainder when 162 is divided by d.
39
Let w = 1118 - 1071. What is the remainder when w is divided by 24?
23
Calculate the remainder when 346/1557 + (-2 - 6152/(-18)) is divided by 82.
12
Let p(l) = -40*l**2 - l - 5. Let h be p(-5). Calculate the remainder when 53 is divided by h/(-55) - (-8)/(-44).
17
Suppose 49*z - 11033 + 253 = 0. Calculate the remainder when z is divided by 32.
28
Suppose 0 = -5*a + 3*a. Suppose -2*u + 37 + 13 = a. Let s = 105 + -56. Calculate the remainder when s is divided by u.
24
Suppose -2*x = 10, 3*p - 2*p = 3*x + 15. Suppose p = 11*s - 19 - 3. What is the remainder when 19 is divided by s?
1
Suppose o = 4*h - 1665 + 380, 5*h + 3*o = 1602. What is the remainder when h is divided by 320?
1
Suppose -4*g + q + 77 = 0, -g - 2*q = -5*g + 74. What is the remainder when 157 is divided by g?
17
Suppose -2*d + 76 = -4*c, -3*c + 185 = -d + 5*d. Suppose 6 = -a + d. Suppose n - a = 13. What is the remainder when n is divided by 18?
15
Let a = -11 - -8. Let t = a - -14. Let b = t + -5. What is the remainder when 15 is divided by b?
3
Let c be 5 + (6 + -4 - 2). Suppose n = -c*m + 103, -m + 22 + 9 = -5*n. What is the remainder when m is divided by ((-55)/15)/((-1)/3)?
10
Suppose o = -2*h + 130, -5*h + 142 = -2*o - 183. What is the remainder when h is divided by 4 + -6 + 19 - 0?
14
Let j(a) = -97*a - 3. Let q be j(-1). Let l = -74 + q. What is the remainder when 138 is divided by l?
18
Suppose 0 = -2*w + 12*w - 20. Suppose -495 = -7*r + w*r. What is the remainder when r is divided by 20?
19
Suppose -4*x - 2*w = 2*w - 52, -3*w = -3*x + 69. Calculate the remainder when 12/54 + 313/9 is divided by x/(-5)*60/(-24).
8
Let z be (-4 + -2 + 5)*-55. Let b = 83 - z. Suppose -3 = 5*c - b. What is the remainder when c is divided by 2?
1
Let y(b) = -b**3 + 6*b**2 - 22*b + 77. What is the remainder when 220 is divided by y(4)?
10
Let n = 125 + -108. Calculate the remainder when 219 is divided by n.
15
Suppose f + 1 = 5*j, -f + 6*f + 2*j = 22. Suppose 60 = 13*c - 18*c. What is the remainder when 56/c*(-6)/f is divided by 4?
3
Let b(i) = -7*i + 83. Let m = -2 + 3. What is the remainder when b(6) is divided by 20 - (m + 0 + -2)?
20
Let y = 15 + -12. Suppose 0 = -4*k - 2*w + 28, 3*k - y - 18 = 3